{"id":157,"date":"2021-08-18T10:32:17","date_gmt":"2021-08-18T08:32:17","guid":{"rendered":"http:\/\/lemandarinpalaiseau.fr\/?page_id=157"},"modified":"2022-02-17T12:18:50","modified_gmt":"2022-02-17T11:18:50","slug":"nos-menus","status":"publish","type":"page","link":"http:\/\/lemandarinpalaiseau.fr\/index.php\/nos-menus\/","title":{"rendered":"Nos Menus"},"content":{"rendered":"\n<ul><li><strong><span class=\"has-inline-color has-blue-color\">MENU VAPEUR A 13.80\u20ac<\/span><\/strong><ul><li><strong>Entr\u00e9es au choix<\/strong><br>Salade au poulet \/ Petits p\u00e2t\u00e9s imp\u00e9riaux (4 N\u00eams)<\/li><li><strong>Plats compos\u00e9s de <\/strong><br>Raviolis aux crevettes (2 pi\u00e8ces) \/ Bouch\u00e9es au porc ou boeuf (2 Pi\u00e8ces) \/ Petits croissants aux crevettes (2 pi\u00e8ces)<br><strong><strong>Accompagnement<\/strong><\/strong> <strong>:<\/strong> Riz cantonais ou riz nature<\/li><li><strong>Desserts au choix<\/strong><br>Lychees au sirop \/ Nougats chinois \/ 2 perles de coco \u00e0 la vapeur \/ 2 boules de glace au choix \/ Beignets de pomme ou d&#8217;ananas<\/li><\/ul><\/li><\/ul>\n\n\n\n<ul><li><strong><span class=\"has-inline-color has-blue-color\">MENU SPECLIAL THA\u00cf A 21.00\u20ac<\/span><\/strong><ul><li><strong>Entr\u00e9es au choix<\/strong><br>Potage aux crevette Tha\u00ef (piquant) \/ Petits p\u00e2t\u00e9s imp\u00e9riaux (4 N\u00eams) \/ Salade aux crevettes Tha\u00ef (piquant) \/ Vari\u00e9t\u00e9s \u00e0 la vapeur (5 pi\u00e8ces) \/ Rouleaux Tha\u00ef frits (3 pi\u00e8ces)<\/li><li><strong>Plats aux choix<\/strong><br>Lotte\/B\u0153uf\/Crevettes\/Agneaux\/Canard au basilic sur plaque chauffante<br><strong><strong>Accompagnement<\/strong><\/strong> <strong>:<\/strong> Riz saut\u00e9 Tha\u00ef \/ Nouilles saut\u00e9es aux l\u00e9gumes \/ riz nature<\/li><li><strong>Desserts au choix<\/strong><br>Lychees au sirop \/ Nougats chinois \/ 2 perles de coco \u00e0 la vapeur \/ 2 boules de glace au choix \/ Beignets de pomme\/ananas\/banane \/ Glace Myst\u00e8re ou Mouscoco<\/li><\/ul><\/li><li><strong>Caf\u00e9 ou th\u00e9<\/strong><\/li><\/ul>\n\n\n\n<ul><li><strong><span class=\"has-inline-color has-blue-color\">MENU SPECLIAL A 16.50\u20ac<\/span><\/strong><ul><li><strong>Entr\u00e9es au choix<\/strong><br>Potage p\u00e9kinois (piquant) \/ Salade au crabe \/ Omelette aux crevettes \/ Petits p\u00e2t\u00e9s imp\u00e9riaux (4 N\u00eams) \/ Raviolis aux crevettes \u00e0 la vapeur<\/li><li><strong>Plats aux choix<\/strong><br>Poisson\/B\u0153uf\/Poulet au basilic sur plaque chauffante \/ Canard laqu\u00e9 \/ Poulet \u00e0 l&#8217;ananas frais<br><strong><strong>Accompagnement<\/strong><\/strong> <strong>:<\/strong> Riz saut\u00e9 cantonaise \/ Nouilles saut\u00e9es aux l\u00e9gumes \/ riz nature<\/li><li><strong>Desserts au choix<\/strong><br>Lychees au sirop \/ Nougats chinois \/ 2 perles de coco \u00e0 la vapeur \/ 2 boules de glace au choix \/ Beignets de pomme\/ananas<\/li><\/ul><\/li><\/ul>\n\n\n\n<ul><li><strong><span class=\"has-inline-color has-blue-color\">MENU ENFANT (-10 ANS) A 8.50\u20ac<\/span><\/strong><br>UN CADEAU SUPPRISE OFFERT<ul><li><strong><strong>Plats aux choix<\/strong><\/strong><br>Petits p\u00e2t\u00e9s imp\u00e9riaux \/ Beignet de crevettes\/poulet<br><strong><strong>Accompagnement<\/strong><\/strong> <strong>:<\/strong> Riz saut\u00e9 cantonaise \/ riz nature<\/li><\/ul><ul><li><strong>Desserts au choix<\/strong><br>Lychees au sirop \/ Nougats chinois \/ 2 boules de glace au choix<\/li><\/ul><\/li><\/ul>\n\n\n\n<ul><li><strong><span class=\"has-inline-color has-blue-color\">MENU MIDI A 12.90\u20ac<\/span><\/strong><br>*UNIQUEMENT DU LUNDI AU SAMEDI MIDI (sauf jours f\u00e9ri\u00e9s)<ul><li><strong>Entr\u00e9es au choix<\/strong><br>Salade au crevettes \/ Petits p\u00e2t\u00e9s \/ Potage p\u00e9kinois \/ Soupe de vermicelles poulet \/ Rouleau Tha\u00ef frit \/ Raviolis aux crevettes<\/li><li><strong>Plats compos\u00e9s de <\/strong><br>Poulet aux champignons noirs \/ Poulet saut\u00e9 \u00e9pic\u00e9 \/ Canard aux champignons noirs \/ B\u0153uf saut\u00e9 \u00e9pic\u00e9 \/ Filet de poisson \u00e0 la sauce piquante \/ B\u0153uf saut\u00e9 au curry \/ Crevettes saut\u00e9es \u00e0 la sauce piquant<br><strong><strong>Accompagnement<\/strong><\/strong> <strong>:<\/strong> Riz cantonais \/ riz nature \/ Nouilles saut\u00e9es aux l\u00e9gumes<\/li><li><strong>Desserts au choix<\/strong><br>Lychees au sirop \/ Nougats chinois \/ 2 perles de coco \u00e0 la vapeur \/ 2 boules de glace au choix \/ Beignets de pomme ou d&#8217;ananas<\/li><\/ul><\/li><\/ul>\n\n\n\n<p><\/p>\n","protected":false},"excerpt":{"rendered":"<p>MENU VAPEUR A 13.80\u20acEntr\u00e9es au choixSalade au poulet \/ Petits p\u00e2t\u00e9s imp\u00e9riaux (4 N\u00eams)Plats compos\u00e9s de Raviolis aux crevettes (2 pi\u00e8ces) \/ Bouch\u00e9es au porc ou boeuf (2 Pi\u00e8ces) \/ Petits croissants aux crevettes (2 pi\u00e8ces)Accompagnement : Riz cantonais ou riz natureDesserts au choixLychees au sirop \/ Nougats chinois \/ 2 perles de coco \u00e0 [&hellip;]<\/p>\n","protected":false},"author":1,"featured_media":0,"parent":0,"menu_order":0,"comment_status":"closed","ping_status":"closed","template":"","meta":[],"aioseo_notices":[],"_links":{"self":[{"href":"http:\/\/lemandarinpalaiseau.fr\/index.php\/wp-json\/wp\/v2\/pages\/157"}],"collection":[{"href":"http:\/\/lemandarinpalaiseau.fr\/index.php\/wp-json\/wp\/v2\/pages"}],"about":[{"href":"http:\/\/lemandarinpalaiseau.fr\/index.php\/wp-json\/wp\/v2\/types\/page"}],"author":[{"embeddable":true,"href":"http:\/\/lemandarinpalaiseau.fr\/index.php\/wp-json\/wp\/v2\/users\/1"}],"replies":[{"embeddable":true,"href":"http:\/\/lemandarinpalaiseau.fr\/index.php\/wp-json\/wp\/v2\/comments?post=157"}],"version-history":[{"count":4,"href":"http:\/\/lemandarinpalaiseau.fr\/index.php\/wp-json\/wp\/v2\/pages\/157\/revisions"}],"predecessor-version":[{"id":171,"href":"http:\/\/lemandarinpalaiseau.fr\/index.php\/wp-json\/wp\/v2\/pages\/157\/revisions\/171"}],"wp:attachment":[{"href":"http:\/\/lemandarinpalaiseau.fr\/index.php\/wp-json\/wp\/v2\/media?parent=157"}],"curies":[{"name":"wp","href":"https:\/\/api.w.org\/{rel}","templated":true}]}}