{"id":65,"date":"2020-05-29T09:55:48","date_gmt":"2020-05-29T09:55:48","guid":{"rendered":"http:\/\/127.0.0.1\/wordpress\/?page_id=65"},"modified":"2020-05-29T09:55:48","modified_gmt":"2020-05-29T09:55:48","slug":"info-livraison","status":"publish","type":"page","link":"http:\/\/lemandarinpalaiseau.fr\/index.php\/info-livraison\/","title":{"rendered":"Info livraison"},"content":{"rendered":"\n<p>Veuillez trouver ici, les informations concernant les livraisons \u00e0 domicile.<\/p>\n\n\n\n<hr class=\"wp-block-separator\"\/>\n\n\n\n<p>Pour les livraison \u00e0 domicile, Le Mandarin Palaiseau couvre les zones g\u00e9ographiques suivantes :<\/p>\n\n\n\n<ul><li>Palaiseau<\/li><li>Loz\u00e8re<\/li><li>Bi\u00e8vres<\/li><li>Saulx-les-Charteux<\/li><li>Villebon\/Yvette<\/li><li>Igny<\/li><li>Massy<\/li><li>Champlan<\/li><\/ul>\n\n\n\n<p>Les livraisons sont effectu\u00e9es dans un d\u00e9lai allant de 40min \u00e0 1h.<\/p>\n\n\n\n<p>Dans le cadre de la livraison \u00e0 domicile, les moyens de paiement acc\u00e9pt\u00e9s sont :<\/p>\n\n\n\n<ul><li>Esp\u00e8ces<\/li><li>Tickets restaurant<\/li><\/ul>\n","protected":false},"excerpt":{"rendered":"<p>Veuillez trouver ici, les informations concernant les livraisons \u00e0 domicile. Pour les livraison \u00e0 domicile, Le Mandarin Palaiseau couvre les zones g\u00e9ographiques suivantes : PalaiseauLoz\u00e8reBi\u00e8vresSaulx-les-CharteuxVillebon\/YvetteIgnyMassyChamplan Les livraisons sont effectu\u00e9es dans un d\u00e9lai allant de 40min \u00e0 1h. Dans le cadre de la livraison \u00e0 domicile, les moyens de paiement acc\u00e9pt\u00e9s sont : Esp\u00e8cesTickets restaurant<\/p>\n","protected":false},"author":1,"featured_media":0,"parent":0,"menu_order":0,"comment_status":"closed","ping_status":"closed","template":"","meta":[],"aioseo_notices":[],"_links":{"self":[{"href":"http:\/\/lemandarinpalaiseau.fr\/index.php\/wp-json\/wp\/v2\/pages\/65"}],"collection":[{"href":"http:\/\/lemandarinpalaiseau.fr\/index.php\/wp-json\/wp\/v2\/pages"}],"about":[{"href":"http:\/\/lemandarinpalaiseau.fr\/index.php\/wp-json\/wp\/v2\/types\/page"}],"author":[{"embeddable":true,"href":"http:\/\/lemandarinpalaiseau.fr\/index.php\/wp-json\/wp\/v2\/users\/1"}],"replies":[{"embeddable":true,"href":"http:\/\/lemandarinpalaiseau.fr\/index.php\/wp-json\/wp\/v2\/comments?post=65"}],"version-history":[{"count":0,"href":"http:\/\/lemandarinpalaiseau.fr\/index.php\/wp-json\/wp\/v2\/pages\/65\/revisions"}],"wp:attachment":[{"href":"http:\/\/lemandarinpalaiseau.fr\/index.php\/wp-json\/wp\/v2\/media?parent=65"}],"curies":[{"name":"wp","href":"https:\/\/api.w.org\/{rel}","templated":true}]}}